8290 is divided by 248160?
130
Calculate the remainder when 12578 is divided by 75.
53
Calculate the remainder when 108105 is divided by 53992.
121
Calculate the remainder when 144448534 is divided by 1435.
1434
What is the remainder when 5138749 is divided by 163?
11
What is the remainder when 177687844 is divided by 12?
4
Calculate the remainder when 3253866 is divided by 116207.
70
Calculate the remainder when 11222718 is divided by 216.
6
Calculate the remainder when 75781 is divided by 80.
21
Calculate the remainder when 25956957 is divided by 2684.
2677
Calculate the remainder when 236039 is divided by 118019.
1
Calculate the remainder when 197078178 is divided by 50211.
3
What is the remainder when 9643720 is divided by 40?
0
What is the remainder when 9200334 is divided by 90?
84
Calculate the remainder when 114360 is divided by 74.
30
What is the remainder when 1611919 is divided by 85?
64
Calculate the remainder when 2982814 is divided by 994266.
16
Calculate the remainder when 525460 is divided by 526.
512
Calculate the remainder when 524976 is divided by 174986.
18
What is the remainder when 18941 is divided by 18515?
426
Calculate the remainder when 3925045 is divided by 3925044.
1
What is the remainder when 5270307 is divided by 46?
41
What is the remainder when 69615 is divided by 1045?
645
Calculate the remainder when 24213 is divided by 3411.
336
What is the remainder when 35576 is divided by 16747?
2082
Calculate the remainder when 290834 is divided by 706.
668
What is the remainder when 117710 is divided by 2015?
840
Calculate the remainder when 22925 is divided by 1955.
1420
Calculate the remainder when 34178907 is divided by 305.
302
Calculate the remainder when 435403 is divided by 886.
377
What is the remainder when 101750227 is divided by 3391674?
7
Calculate the remainder when 57848 is divided by 11289.
1403
What is the remainder when 5764797 is divided by 2397?
12
Calculate the remainder when 1805381 is divided by 7521.
341
Calculate the remainder when 767392 is divided by 81.
79
Calculate the remainder when 4763601 is divided by 80.
1
What is the remainder when 10359644 is divided by 104?
100
Calculate the remainder when 502473 is divided by 70.
13
What is the remainder when 29457 is divided by 2900?
457
Calculate the remainder when 910811 is divided by 2914.
1643
Calculate the remainder when 34270633 is divided by 1943.
1942
What is the remainder when 156802373 is divided by 946?
35
Calculate the remainder when 372617 is divided by 12415.
167
What is the remainder when 165243 is divided by 3012?
2595
Calculate the remainder when 54540 is divided by 54213.
327
What is the remainder when 37083256 is divided by 29?
28
Calculate the remainder when 1032888 is divided by 8.
0
Calculate the remainder when 7287705 is divided by 45.
0
Calculate the remainder when 217308453 is divided by 29.
27
What is the remainder when 80521756 is divided by 352?
348
Calculate the remainder when 202304 is divided by 3832.
3040
What is the remainder when 100703 is divided by 33465?
308
What is the remainder when 330997 is divided by 330469?
528
What is the remainder when 5762256 is divided by 28?
24
What is the remainder when 12595 is divided by 2105?
2070
What is the remainder when 202422 is divided by 13999?
6436
Calculate the remainder when 518840 is divided by 427.
35
What is the remainder when 3219007 is divided by 643776?
127
What is the remainder when 6951245 is divided by 261?
32
What is the remainder when 31292 is divided by 30628?
664
Calculate the remainder when 139634 is divided by 19893.
383
What is the remainder when 41072718 is divided by 8214542?
8
Calculate the remainder when 3343 is divided by 488.
415
What is the remainder when 71810 is divided by 71698?
112
What is the remainder when 70196 is divided by 93?
74
Calculate the remainder when 2017597 is divided by 383.
336
What is the remainder when 2091275 is divided by 2996?
67
Calculate the remainder when 46660513 is divided by 91.
81
What is the remainder when 401183 is divided by 199969?
1245
What is the remainder when 57897 is divided by 1608?
9
What is the remainder when 34344665 is divided by 660474?
17
What is the remainder when 46681 is divided by 58?
49
What is the remainder when 91338 is divided by 1920?
1098
What is the remainder when 437610 is divided by 11219?
69
Calculate the remainder when 1091771 is divided by 155967.
2
Calculate the remainder when 1962308 is divided by 485.
483
What is the remainder when 434268 is divided by 354?
264
Calculate the remainder when 586821 is divided by 24449.
45
What is the remainder when 52132898 is divided by 4344407?
14
What is the remainder when 9912541 is divided by 2007?
1975
What is the remainder when 38108 is divided by 12685?
53
Calculate the remainder when 7305950 is divided by 589.
583
What is the remainder when 1370758 is divided by 19?
3
Calculate the remainder when 24683 is divided by 24506.
177
What is the remainder when 412280 is divided by 412017?
263
What is the remainder when 1060249 is divided by 5122?
5117
What is the remainder when 181355 is divided by 43427?
7647
What is the remainder when 34667555 is divided by 51?
50
Calculate the remainder when 12547410 is divided by 245.
225
Calculate the remainder when 15020758 is divided by 2130.
2128
What is the remainder when 48164543 is divided by 9?
8
Calculate the remainder when 101423 is divided by 3073.
14
Calculate the remainder when 61792 is divided by 4118.
22
Calculate the remainder when 78136 is divided by 25995.
151
What is the remainder when 4070994 is divided by 41969?
1
What is the remainder when 2877345 is divided by 50?
45
Calculate the remainder when 11697921 is divided by 1533.
1131
What is the remainder when 237283 is divided by 674?
35
Calculate the remainder when 497457 is divided by 8.
1
Calculate the remainder when 88790 is divided by 977.
860
Calculate the remainder when 1659130 is divided by 829552.
26
Calculate the remainder when 859269 is divided by 107401.
61
Calculate the remainder when 2008081148 is divided by 1078.
1074
Calculate the remainder when 15652012 is divided by 704.
684
Calculate the remainder when 26481205 is divided by 70.
65
What is the remainder when 1117448 is divided by 2780?
2668
What is the remainder when 41611177 is divided by 134?
23
Calculate the remainder when 1567572 is divided by 529.
145
Calculate the remainder when 619681 is divided by 154872.
193
What is the remainder when 431623 is divided by 219?
193
What is the remainder when 6081130 is divided by 38733?
49
What is the remainder when 1021068 is divided by 7?
6
What is the remainder when 8938812 is divided by 152?
148
What is the remainder when 374593 is divided by 958?
15
Calculate the remainder when 857866 is divided by 7525.
16
What is the remainder when 37368 is divided by 12333?
369
Calculate the remainder when 5692313 is divided by 711539.
1
Calculate the remainder when 116156 is divided by 113163.
2993
What is the remainder when 1712410 is divided by 856186?
38
Calculate the remainder when 93709 is divided by 30945.
874
What is the remainder when 11400503 is divided by 1205?
1203
What is the remainder when 3213205 is divided by 6881?
6659
What is the remainder when 12905503 is divided by 6452747?
9
What is the remainder when 20342 is divided by 257?
39
What is the remainder when 1103670 is divided by 1103623?
47
Calculate the remainder when 200949 is divided by 200903.
46
Calculate the remainder when 347509760 is divided by 2478.
2474
Calculate the remainder when 12370879 is divided by 1124624.
15
What is the remainder when 2135491 is divided by 3012?
2995
What is the remainder when 2724665 is divided by 425?
415
What is the remainder when 524274 is divided by 261205?
1864
Calculate the remainder when 13744810 is divided by 21.
16
What is the remainder when 4283678 is divided by 4636?
14
What is the remainder when 4497548 is divided by 4231?
4226
Calculate the remainder when 460724 is divided by 1076.
196
What is the remainder when 20811 is divided by 4914?
1155
Calculate the remainder when 17147676 is divided by 217059.
15
Calculate the remainder when 1101210 is divided by 3042.
6
Calculate the remainder when 87282 is divided by 28322.
2316
